. Let a(w) = 2*w**2 + 6*w - 7. What is the remainder when a(3) is divided by v?
9
Let d = -220716 - -220742. Let i(r) = 6*r**2 - 4*r + 2. What is the remainder when i(3) is divided by d?
18
Let o be 7*-4*(-22)/56. Let h = 17 + o. Suppose -3 = r - 9. What is the remainder when h is divided by r?
4
Let m(q) = -q**3 + 7*q**2 + 9*q + 10. Let b be m(8). Let y = -13 + b. Let n = -4035 + 4053. Calculate the remainder when n is divided by y.
3
Let b(s) = 25*s**2 - 4*s - 18. Suppose -2*y = -5*k - 23, -3*k + 2*y - 5 = 3*y. Let w = -128 + 172. Calculate the remainder when b(k) is divided by w.
43
Suppose 88 - 259 = -q - h, 4*q - 672 = 2*h. What is the remainder when 655 is divided by q?
148
Let q(k) = k - 5. Let r be q(16). Let w(n) = n**2 - 6*n - 10. Calculate the remainder when 12/(-4) + -1 + r is divided by w(8).
1
Suppose 28 = -3*a + 10. Let k(f) = f**3 - 11*f**2 + 9*f - 51. Calculate the remainder when k(11) is divided by (-2)/a*(1 + 50).
14
Suppose 80*i + 15*i - 453859 = -66*i. Calculate the remainder when i is divided by 60.
59
Calculate the remainder when (105/28)/(6/200) is divided by ((-56)/(-18))/((-384)/(-5184)).
41
Let v = 4153 - 2322. What is the remainder when v is divided by 26?
11
Let t = 4774 - 4569. Calculate the remainder when t is divided by 37.
20
Let l(w) = 19*w**2 + 2*w + 3. Let k be l(3). Let v be 10*(-9)/(k/(-8)). Suppose v*f + 186 - 658 = 0. What is the remainder when f is divided by 15?
13
Let w(q) = 11*q**2 - q. Suppose 183 = -61*f - 427. What is the remainder when w(-2) is divided by (f + 7)*70/(-30)?
4
Let v = 12131 - 12016. Calculate the remainder when 881 is divided by v.
76
Let q(h) = 9*h - 20. Let d be (5/2 - (-12)/24) + 2. Let o be q(d). Let u = -14 + o. What is the remainder when 31 is divided by u?
9
Suppose 0 = -8*l - 3 + 27. Suppose 2*z - 4*j + 15 - l = 0, 5*z - 15 = j. Calculate the remainder when (57/z)/(-3 + 65/20) is divided by 12.
9
Calculate the remainder when (-1381248)/(-228) - 22/209 is divided by 29.
26
Let m be (30/(-4))/((-3)/(-6)). Let f(q) = q**3 + 4*q**2 + 5*q - 7. What is the remainder when f(2) is divided by (39/m + 3)*35?
13
Let c = -60 - -232. What is the remainder when c is divided by (-144200)/3090*6/8*-1?
32
Suppose -304*i = 34078 - 98346 - 56116. Calculate the remainder when i is divided by 10.
6
Suppose -5*j = -q - 9 - 3, -5*q - 3*j + 80 = 0. Calculate the remainder when 131 is divided by q.
1
Let k(j) = -j**2 + 4*j + 1545. What is the remainder when 719 is divided by k(-35)?
179
Let g(h) = -8*h - 301. Let y be g(-38). Suppose y*w + 2*d = 88, -5*w + 2*w - 3*d + 93 = 0. Calculate the remainder when 75 is divided by w.
23
Let h(y) = -5*y**2 - 1. Let b be h(-1). Suppose 74*g - 90*g + 48 = 0. Calculate the remainder when (-20)/b*9/6 is divided by g.
2
Let m = 15188 + -8712. Calculate the remainder when m is divided by 20.
16
Calculate the remainder when (125055/(-12))/(-21) + (-10)/8 is divided by 237.
21
Suppose 2*d + 16 = -2*d + 4*u, 5*d - 2*u = -8. Suppose d = -15*w + 140 + 70. Calculate the remainder when 23 is divided by w.
9
Suppose -2*h = 5*y + 2, 0 = y + 6*h - 2*h - 14. Calculate the remainder when ((-148)/111)/(y/9) is divided by (2/(-3))/((-1)/3).
0
Suppose -2*b + 358 = 3*p, 3*p = -b + 209 + 153. Calculate the remainder when 451 is divided by p.
85
What is the remainder when 719 is divided by ((-72)/15)/((-2)/10)?
23
Let j be (-72)/96 - (-21)/(-24)*-10. Suppose -j*v = -14*v + 84. Suppose 4*z - 5*l = z + 137, 5*l - 79 = -z. What is the remainder when z is divided by v?
12
Let j(f) = -2*f**2 - 96*f - 583. What is the remainder when 451 is divided by j(-36)?
170
Calculate the remainder when (-369)/(-7) + 6/21 is divided by (-3)/(126/(-24)) + (-73)/(-7).
9
Let a = -44 - -19. Let k be (-2*1)/((-30)/a - 1). Calculate the remainder when 9 is divided by k/(-15) + 14/6.
0
Let o = 198 - 75. Let m(u) = -2*u**3 + 51*u**2 - 71*u + 40. Calculate the remainder when o is divided by m(24).
59
Suppose 8*h - 192 - 1224 = 0. Let f(n) = n + 7*n + 6*n - 26 - 3*n. What is the remainder when h is divided by f(4)?
15
What is the remainder when ((-2820)/9)/(2 - 0 - 175/75) is divided by 19?
9
Let v(w) = w**2 - 2*w - 3. Let l(y) be the second derivative of -7*y**3/3 + 100*y**2 - 62*y. What is the remainder when l(12) is divided by v(-3)?
8
Suppose 2057 = 26*w + 69*w - 128. Calculate the remainder when 606 is divided by w.
8
Let g(x) = 6*x**2 - 26*x - 81. Suppose 0 = b - 0*b + 2, -b + 6 = 4*s. Suppose -198 = -s*z - 0. Calculate the remainder when z is divided by g(-3).
48
Let f(a) be the first derivative of -5 + 0 + 3*a**3 + 0*a**3 - 2*a**3 - a**2. What is the remainder when f(3) is divided by 13?
8
Suppose -255*g + 251*g + 10368 = 0. Suppose 8*y = -0*y + g. Let a = y + -147. What is the remainder when a is divided by 12?
9
Let r = -26609 - -36602. Calculate the remainder when r is divided by 294.
291
Suppose -4*i + 243 = -5*a, 2*i - a - 153 + 36 = 0. Suppose 4*b = 30 + 50. Let p = i - b. Calculate the remainder when p is divided by 14.
9
Let m(f) = 2*f**3 + 42*f**2 - 5*f + 146. Calculate the remainder when m(-21) is divided by 122.
7
Suppose 0 = 22*l - 13684 + 8316. What is the remainder when l is divided by 125?
119
Let k(q) = -q**3 + 15*q**2 - 18*q - 28. Let r be k(14). Let d = 87 + r. Suppose -d*c + 5*c - 268 = 0. What is the remainder when c is divided by 17?
15
Let a be 1372/20 - (-9)/(-15). Let d = -51 + a. Suppose 7*u - 5*u = 12. What is the remainder when d is divided by u?
5
Suppose -d + 4*g - 4 = 0, -2*d - 2*g = 2*g - 16. Suppose -3*a + 63 = d*v - 491, 0 = -3*a + 5*v + 536. What is the remainder when a is divided by 47?
41
Let y = -42 - 10. Let t = 273 + y. What is the remainder when t is divided by 15?
11
Suppose -a - c - 271 = 0, 5*c - 1093 = 6*a - 2*a. What is the remainder when 3 + a/(-4) + 4 is divided by ((-122)/(-2) - 4)*(-6)/(-9)?
37
Let s(d) = 3*d. Let i(q) = -q**3 + 5*q**2 - 2*q - 3. Let z be i(4). Calculate the remainder when (-8)/20 - (-229467)/(-1715)*4/(-3) is divided by s(z).
13
Let d(b) = -11*b**3 + 10*b**3 - 22*b - 37 + 21*b**2 + 47 + 31. Calculate the remainder when 6 is divided by d(20).
0
Suppose 0 = -9*i - 30 + 120. Suppose -j = 2*v - i, v + v = j + 14. Calculate the remainder when 55 is divided by ((-1)/(-2))/((-3)/v)*-19.
17
Let b(a) = a**3 - 4*a + 5. Let x be 46/11 + (-26)/143. What is the remainder when b(x) is divided by (1/3)/((-380)/96 + 4)?
5
What is the remainder when (-10)/7 - 27870/(-105) is divided by 252?
12
Suppose 6564 = 13*z + 2*o, 157*z = 160*z - 3*o - 1539. What is the remainder when z is divided by 50?
6
Let n(r) = r**3 - 17*r**2 + 40*r + 25. Let g be n(14). What is the remainder when 717 is divided by (60/(-25))/(g*1/45)?
33
Let s be 5/((-5)/(-4)) + (0 - 0). Suppose -b - 5*z = -2 + 4, -s*b - 2*z = -28. Suppose 13*l - b*l = 235. Calculate the remainder when 138 is divided by l.
44
Suppose -5*z + 1438 = -2*v, 4*v = -7*z + 6*z + 292. What is the remainder when z is divided by 40?
8
Suppose 4533 = 22*j - 7677. What is the remainder when j is divided by 135?
15
Suppose 28*v + 5062 = 1058. Let o = v + 257. Calculate the remainder when o is divided by 24.
18
Suppose 5*m = 4*n + 2 + 558, -530 = -5*m - 2*n. Let k = m + -91. Suppose -2*p = -119 + 5. Calculate the remainder when p is divided by k.
6
Let d = 30 + -32. Let g be (60/(-40))/(1/d). Suppose -2*u + 57 = -g*x, 5*u - 4*x - 96 = 29. Calculate the remainder when 52 is divided by u.
10
Suppose -5*k = -2*p + 3*p - 29, 3*k - 3 = 0. Suppose 3*u + p = 3*x, 6 = 2*x - 5*u - 7. Calculate the remainder when x is divided by 2.
1
Let g(a) = -2*a**3 + 40*a**2 - 27*a + 235. Calculate the remainder when g(18) is divided by 209.
0
Suppose -4*d + 2401 = 3*l, -2402 = -l - 2*l - 5*d. What is the remainder when l is divided by 90?
79
Let t = -386 - -403. Calculate the remainder when 1202 is divided by t.
12
Let l be -1 + 8/((-32)/(-12)). Suppose 8*g = 12*g - 12. What is the remainder when 2 - (1 + 0 - 9)*l is divided by g?
0
Let t = 484 - 484. Suppose t = -42*s + 41*s + 140. What is the remainder when s is divided by 13?
10
Suppose 0 = -o + 7*x - 8*x + 4, -4 = -3*o + x. Suppose -n + 828 = o*f + 124, 0 = 3*n + f - 2102. Calculate the remainder when n is divided by 78.
76
Suppose b - 197 = -3*q, 10*b - 3*b + 162 = 2*q. What is the r